 factor of 5 and j?
5
Let b be 1/1 - (-4 - -1). Suppose -x = -b*x. Suppose x = -u + 5, -4*z = -2*u - 15 - 15. What is the highest common divisor of 30 and z?
10
Suppose -103 - 257 = -3*z. Suppose 3*d + 12*b - 8*b - 94 = 0, 122 = 4*d + 2*b. Calculate the highest common factor of z and d.
30
Let c be (-7)/21 - 11/3. Let z be c*(4/2 + -15). Suppose -4*u - 8 + z = 0. Calculate the highest common factor of 77 and u.
11
Let m be 3 + 8 - 30/6. Calculate the greatest common divisor of m and 66.
6
Let x be -4*1 + -35*5/(-5). What is the greatest common factor of x and 155?
31
Suppose -16 - 4 = -u. Calculate the highest common factor of u and 180.
20
Suppose -33 = -2*o - 9. Calculate the greatest common factor of 60 and o.
12
Let c(p) = -p - 2. Let h be c(-3). Let q(g) = -280*g + 2*g**3 + 281*g + 6*g**3 + g**2 - 1. Let f be q(h). What is the highest common factor of f and 45?
9
Let p be (-30)/4*(-3 + 1). Calculate the highest common divisor of 10 and p.
5
Let k(l) = 2*l**2 + 5*l - 3. Let q be k(-6). Let b = q - 19. What is the greatest common divisor of 30 and b?
10
Let b(o) = -o**2 - 2*o + 50. Let n be b(0). Let i be 0 + 10 + 2 + -2. Calculate the highest common factor of i and n.
10
Let b = -18 - -19. Let m = 1 + 0. Let p = m - 0. What is the greatest common divisor of b and p?
1
Let i = 12 + -13. Let b be 5/i*4/(-5). What is the greatest common factor of 10 and b?
2
Let n(v) = 5*v + 7. Suppose 0 = 3*d + d - 28. Let q be n(d). What is the greatest common factor of 63 and q?
21
Let r = -6 - -8. Suppose -37 = -5*p + r*j - 5*j, -28 = -4*p - 4*j. Calculate the highest common factor of 40 and p.
8
Let h be (-14)/(-4) - (-4)/8. Suppose 2*j - 31 = 3*a, -h*j = 6*a - a - 7. Calculate the highest common divisor of 2 and j.
2
Suppose 139 = -5*z + 664. What is the highest common factor of 42 and z?
21
Let h(w) = 3*w**2 - 2*w + 1. Let y be h(5). What is the highest common factor of y and 33?
33
Let h(q) = 3*q - 12. Let k be h(8). Suppose o = 3*o - 24. Calculate the greatest common factor of k and o.
12
Let j(l) = -2*l - 5 + l**3 - 5*l**2 + 2 - 4 + 2. Let d be j(8). Calculate the greatest common divisor of d and 19.
19
Suppose -4*n + 9 - 1 = 0. Let g = -4 + 6. What is the greatest common factor of g and n?
2
Let c be 85/(4/(1 + 3)). Suppose 19 - 53 = -2*w. Calculate the greatest common divisor of c and w.
17
Let w(u) = -40*u + 66. Let n be w(-5). What is the greatest common factor of n and 14?
14
Let b(a) = 11*a - 5. Let c be b(3). Let w be ((-5)/(-3))/((-1)/(-3)). Let g(p) = -p**2 + 7*p - 6. Let i be g(w). What is the highest common divisor of i and c?
4
Let l be (-6)/(2/1) + 115. Suppose -5 = -2*n + 3. Let h be -2*2*-1*n. Calculate the highest common factor of l and h.
16
Let h = 6 - -17. Calculate the highest common factor of 92 and h.
23
Suppose -3*u = u - 104. Suppose -4*x + 331 = 19. Calculate the greatest common divisor of x and u.
26
Let s = 32 - 11. Let y(q) = -q - 1. Let p be y(-4). What is the highest common divisor of s and p?
3
Let j = 22 + 32. Calculate the highest common divisor of j and 18.
18
Let r = -1 + 1. Suppose 3*l - 8*l + 120 = r. What is the highest common factor of 3 and l?
3
Let w(a) be the first derivative of a**4/4 - 2*a**3/3 - 2*a + 1. Let n be w(2). Let o be 1 + 14 + 0/n. What is the greatest common divisor of o and 45?
15
Let h(t) = t**3 - t**2 - t + 48. Let d be h(0). What is the greatest common divisor of 24 and d?
24
Let j(v) = 4*v**3 - v**2 - 3*v - 2. Let m be j(2). Calculate the highest common factor of 5 and m.
5
Let w = 96 + -51. Let r = -17 - -22. Calculate the highest common factor of r and w.
5
Let o = -63 + 71. Calculate the greatest common divisor of o and 20.
4
Let g(b) = 4 + 2*b + 0*b - 5 + 5*b**2. Let k be g(1). What is the highest common divisor of 66 and k?
6
Let t = -12 + 20. Calculate the highest common factor of t and 8.
8
Let b(z) = -z**2 + 120. Let h be b(0). What is the highest common factor of 24 and h?
24
Suppose 0 = -3*s - 2*s + 45. Let w be (-3 - (-1 + 0))*-1. Suppose 5*o + w*p = 51 - s, -3*p = -o + 22. Calculate the highest common factor of o and 80.
10
Suppose -2*f + 4*f = 114. Let b(r) = -r + 4. Let g be b(6). Let k be f/5 - g/(-5). What is the highest common divisor of k and 44?
11
Let w(b) = b**3 + 4. Let c be w(0). Calculate the highest common divisor of 16 and c.
4
Let z(a) = -2*a - 2*a**2 + 3*a**2 + 26 + a. Let q be z(0). Calculate the greatest common divisor of q and 39.
13
Suppose -i = 4*i - 415. Suppose 0 = 4*c - 3*t - i, 3*c - c = 3*t + 49. Calculate the highest common factor of c and 85.
17
Let j be (3/6)/((-2)/(-64)). Calculate the highest common factor of j and 16.
16
Suppose v - 6*v = 25, -o - 12 = 3*v. Let g be (4 - o) + 2 - -25. Let d = -7 - -21. Calculate the highest common factor of g and d.
14
Suppose 4*v + 0*v - 252 = 0. Suppose 36 = 5*u - q, -2*u + 0*q - 2*q = -12. Calculate the highest common divisor of v and u.
7
Let h(q) = -4*q**3 - 3*q**2 - 3*q - 1. Let y be h(-2). Let u be (-3 - -1)/((-4)/350). What is the highest common factor of u and y?
25
Let r = 90 + -57. Suppose 5*y = 83 + 27. What is the greatest common divisor of r and y?
11
Suppose -4*b + 170 = b. Suppose 6*x = x + 85. What is the highest common divisor of b and x?
17
Suppose -3*h - 8 = -4*h. Suppose 2*f + 2*l + 16 = 0, -2*f - 12 = 3*l + h. Let m = 12 + f. Calculate the highest common divisor of m and 56.
8
Let d = 20 - 10. Calculate the greatest common divisor of d and 20.
10
Let c(t) = -t**3 + t**2 + 2*t. Let f be c(-4). Suppose -4*b = 4*m - 12, 4*m - 2*b = -4*b + 22. Calculate the highest common divisor of m and f.
8
Let p(s) be the second derivative of -s**3/3 + s**2/2 + 2*s. Let n be p(-3). Calculate the greatest common factor of n and 77.
7
Let w be 2/3 - (-43)/3. Let h(f) = 28*f + 59. Let o be h(-2). What is the highest common divisor of o and w?
3
Suppose 3*x - 6*x = -9. Suppose 3*q - 258 + x = 0. Let w be 1/2*408/6. What is the highest common divisor of q and w?
17
Suppose 0 = -j + 2*m + m + 11, 11 = j - 2*m. What is the greatest common factor of 1 and j?
1
Let u(y) = -y**3 - 3*y**2 + 25*y + 24. Let t be u(-7). Let v be -5*(-2)/(2 + 0). What is the greatest common divisor of v and t?
5
Let z = 132 + -78. Suppose -2*m = m - z. Calculate the greatest common factor of m and 9.
9
Suppose -5*r + 8 + 7 = 0. Suppose -r*o + 58 = 19. Calculate the greatest common factor of 13 and o.
13
Let v = 232 - 148. Suppose 0 = -0*x - 2*x + v. Calculate the highest common divisor of 28 and x.
14
Let j be 80/4*5/2. Let t be (-20 + 0)/(7 - 8). Calculate the highest common factor of t and j.
10
Suppose -2*g + 4*u = -2, -7 = -g + 2*u + 3*u. Let l be 4*g*6/9. Let p = l + 14. What is the highest common divisor of p and 42?
6
Let p = 4 - 7. Let m = p + 7. Let a = 21 - -7. Calculate the greatest common factor of m and a.
4
Let h be 6/(-3 + 1) - 0. Suppose -q = -0*q - 17. Let z be h/(-2) + q/2. Calculate the highest common divisor of 40 and z.
10
Let q(j) = -j**2 - 5*j - 2. Let v be q(-4). Calculate the highest common divisor of v and 2.
2
Let j(f) = -2*f**2 - 20*f + 2. Let q be j(-9). Calculate the highest common divisor of 40 and q.
20
Let i(h) = 6*h + 4*h**2 - 4*h - 27 + 27. Let c be i(-5). Calculate the greatest common divisor of c and 10.
10
Let x be (-1 + 2)*(-3 + 3). Suppose x = 4*t + 13 - 45. What is the greatest common factor of t and 56?
8
Let o = 49 - 29. What is the greatest common divisor of o and 50?
10
Let t = -52 + 55. Calculate the highest common divisor of 3 and t.
3
Let j(v) = -5*v + 3*v**2 - v**2 - v + 7. Let k be j(3). Calculate the greatest common factor of k and 28.
7
Let j be ((-19)/(-19))/((-1)/(-3)*1). What is the greatest common divisor of 3 and j?
3
Let x(u) = u**2 - 6*u + 4. Let m be x(6). What is the greatest common divisor of 8 and m?
4
Let u = -124 + 136. Calculate the greatest common divisor of 132 and u.
12
Let z(x) = x + 8. Let i be z(-8). Suppose i = 2*m - 67 - 23. Calculate the highest common divisor of m and 18.
9
Suppose 10*z - 48 - 62 = 0. Calculate the highest common factor of 209 and z.
11
Let k(o) = o**3 + 8*o**2 + 5*o + 4. Let v be k(-5). Let t = -37 + v. Calculate the highest common factor of t and 187.
17
Suppose -4*d = -2*m - 7 + 1, -2*d = 5*m - 9. What is the highest common factor of 16 and